{"id":1853,"date":"2024-11-05T09:46:52","date_gmt":"2024-11-05T09:46:52","guid":{"rendered":"https:\/\/mobiladoralentejana.com\/index.php\/product\/embalagem-reflu-impermeabilizante\/"},"modified":"2026-04-09T19:06:09","modified_gmt":"2026-04-09T18:06:09","slug":"embalagem-reflu-impermeabilizante-refluimperme","status":"publish","type":"product","link":"https:\/\/mobiladoralentejana.com\/index.php\/product\/embalagem-reflu-impermeabilizante-refluimperme\/","title":{"rendered":"EMBALAGEM REFLU IMPERMEABILIZANTE"},"content":{"rendered":"<p>Proteja a rua roupa, cal\u00e7ado ou estofos da \u00e1gua e n\u00f3doas com REFLU.<\/p>\n<p>REFLU tem uma ac\u00e7\u00e3o r\u00e1pida, n\u00e3o mancha e praticamente n\u00e3o modifica o aspecto e a cor dos tecidos.  REFLU cria uma barreira contra a \u00e1gua ou l\u00edquidos que mancham.<\/p>\n<p>O REFLU deixa os tecidos perme\u00e1veis ao ar e tem uma elevada rentabilidade, permitindo tratar cerca de 20m\u00b2 de tecido por embalagem.<\/p>\n<p>Utilize em:<\/p>\n<p>Sapatos,<br \/>Casacos,<br \/>T\u00e9nis,<br \/>Estofos do carro,<br \/>Sof\u00e1s,<br \/>Toalhas,<br \/>Cadeiras,<br \/>Tendas,<br \/>Etc&#8230;<\/p>\n","protected":false},"excerpt":{"rendered":"<p>REFLU-IMPERMEABILIZA<\/p>\n","protected":false},"featured_media":34833,"comment_status":"open","ping_status":"closed","template":"","meta":[],"product_brand":[],"product_cat":[47],"product_tag":[],"class_list":{"0":"post-1853","1":"product","2":"type-product","3":"status-publish","4":"has-post-thumbnail","6":"product_cat-87-produtos-de-limpeza","8":"first","9":"outofstock","10":"taxable","11":"shipping-taxable","12":"purchasable","13":"product-type-simple"},"jetpack_sharing_enabled":true,"_links":{"self":[{"href":"https:\/\/mobiladoralentejana.com\/index.php\/wp-json\/wp\/v2\/product\/1853","targetHints":{"allow":["GET"]}}],"collection":[{"href":"https:\/\/mobiladoralentejana.com\/index.php\/wp-json\/wp\/v2\/product"}],"about":[{"href":"https:\/\/mobiladoralentejana.com\/index.php\/wp-json\/wp\/v2\/types\/product"}],"replies":[{"embeddable":true,"href":"https:\/\/mobiladoralentejana.com\/index.php\/wp-json\/wp\/v2\/comments?post=1853"}],"version-history":[{"count":6,"href":"https:\/\/mobiladoralentejana.com\/index.php\/wp-json\/wp\/v2\/product\/1853\/revisions"}],"predecessor-version":[{"id":34541,"href":"https:\/\/mobiladoralentejana.com\/index.php\/wp-json\/wp\/v2\/product\/1853\/revisions\/34541"}],"wp:featuredmedia":[{"embeddable":true,"href":"https:\/\/mobiladoralentejana.com\/index.php\/wp-json\/wp\/v2\/media\/34833"}],"wp:attachment":[{"href":"https:\/\/mobiladoralentejana.com\/index.php\/wp-json\/wp\/v2\/media?parent=1853"}],"wp:term":[{"taxonomy":"product_brand","embeddable":true,"href":"https:\/\/mobiladoralentejana.com\/index.php\/wp-json\/wp\/v2\/product_brand?post=1853"},{"taxonomy":"product_cat","embeddable":true,"href":"https:\/\/mobiladoralentejana.com\/index.php\/wp-json\/wp\/v2\/product_cat?post=1853"},{"taxonomy":"product_tag","embeddable":true,"href":"https:\/\/mobiladoralentejana.com\/index.php\/wp-json\/wp\/v2\/product_tag?post=1853"}],"curies":[{"name":"wp","href":"https:\/\/api.w.org\/{rel}","templated":true}]}}

<p>Proteja a rua roupa, calçado ou estofos da água e nódoas com REFLU.</p>
<p>REFLU tem uma acção rápida, não mancha e praticamente não modifica o aspecto e a cor dos tecidos.  REFLU cria uma barreira contra a água ou líquidos que mancham.</p>
<p>O REFLU deixa os tecidos permeáveis ao ar e tem uma elevada rentabilidade, permitindo tratar cerca de 20m² de tecido por embalagem.</p>
<p>Utilize em:</p>
<p>Sapatos,<br />Casacos,<br />Ténis,<br />Estofos do carro,<br />Sofás,<br />Toalhas,<br />Cadeiras,<br />Tendas,<br />Etc&#8230;</p>
